1136351 a composite number?
True
Is 119349054179 a composite number?
False
Is 237418196377 a composite number?
False
Is 34037323217 a composite number?
False
Is 97458913733 composite?
False
Is 13902553219 composite?
False
Is 2949677543 prime?
True
Is 99904687 a composite number?
False
Is 731204813 composite?
True
Is 443788487 a composite number?
False
Is 22224473 a composite number?
True
Is 1163063171 a prime number?
False
Is 10490451047 prime?
False
Is 962520323 a composite number?
True
Is 10529410351 prime?
False
Is 54644077009 a prime number?
True
Is 9242333293 prime?
False
Is 2843457 a prime number?
False
Is 18229910953 composite?
True
Is 884956679 composite?
False
Is 54059451409 a composite number?
False
Is 1478219843 a prime number?
False
Is 2357394463 prime?
False
Is 12072608677 composite?
True
Is 2378987353 a composite number?
False
Is 1451543377 prime?
False
Is 9754419351 composite?
True
Is 12058794863 a composite number?
False
Is 74855673343 composite?
True
Is 990171773 a prime number?
True
Is 39040291327 a prime number?
False
Is 76218569387 a prime number?
True
Is 119999937023 a prime number?
True
Is 11184557495 prime?
False
Is 1830349609 a composite number?
True
Is 5445138334 composite?
True
Is 3145003127 composite?
True
Is 955277647 a prime number?
False
Is 2209531411 composite?
False
Is 39956209 a prime number?
True
Is 2082789979 a composite number?
False
Is 584346377 a composite number?
False
Is 1711765681 prime?
False
Is 14863699 prime?
False
Is 1513519573 a prime number?
True
Is 66961252817 prime?
True
Is 1379115203 composite?
True
Is 7336434467 a composite number?
False
Is 719293019 a composite number?
False
Is 5004964847 prime?
False
Is 146024056727 a prime number?
True
Is 23993689211 a composite number?
True
Is 417287879 prime?
True
Is 72006061697 a prime number?
False
Is 206037179 prime?
True
Is 6562242647 a composite number?
True
Is 645329459 prime?
False
Is 164183395217 a prime number?
True
Is 63247386047 prime?
True
Is 7744747693 composite?
True
Is 9009287221 a prime number?
False
Is 347360543 composite?
False
Is 9705500471 prime?
True
Is 33890400941 composite?
False
Is 210941803 a prime number?
True
Is 377261011 a composite number?
False
Is 965627501 a composite number?
True
Is 6727053757 composite?
True
Is 6417512707 a composite number?
True
Is 60250535393 a prime number?
True
Is 1170947851 prime?
False
Is 5340270539 a composite number?
False
Is 16449281 composite?
False
Is 54637879 composite?
False
Is 236534531 a composite number?
False
Is 1396016357 composite?
False
Is 30583094753 composite?
False
Is 350387647 composite?
False
Is 6331943323 prime?
True
Is 54797882453 prime?
False
Is 4626692833 prime?
False
Is 6675980321 composite?
False
Is 758190809 a prime number?
True
Is 9051087769 a prime number?
True
Is 35357237 a composite number?
True
Is 2924311613 prime?
False
Is 7651548383 a composite number?
False
Is 1647297721 prime?
True
Is 3294276679 composite?
False
Is 612997961 a composite number?
False
Is 238444165847 a prime number?
False
Is 29933279137 a prime number?
False
Is 1580288641 a composite number?
True
Is 9717383497 prime?
True
Is 765539933 composite?
True
Is 623561987 composite?
True
Is 663904793 prime?
False
Is 133562290033 composite?
True
Is 15439043077 a prime number?
True
Is 31990475333 a prime number?
True
Is 259379997821 prime?
False
Is 1213459138 a composite number?
True
Is 6611444933 prime?
True
Is 2390557913 a composite number?
False
Is 164867471 a composite number?
True
Is 8298834259 a prime number?
True
Is 943929559 prime?
True
Is 45020802745 a composite number?
True
Is 84580946173 prime?
False
Is 25273070423 a prime number?
False
Is 28330757821 composite?
False
Is 2043243673 prime?
True
Is 4358811927 a composite number?
True
Is 4186674361 a composite number?
False
Is 14001333299 a composite number?
True
Is 152103089 prime?
False
Is 8909007787 prime?
True
Is 828454507 prime?
False
Is 163926779 composite?
False
Is 566506411 composite?
False
Is 5219391993 a prime number?
False
Is 4080814379 composite?
False
Is 1197886457 prime?
False
Is 16475289613 composite?
True
Is 87462559461 prime?
False
Is 399189521 composite?
True
Is 3216106867 composite?
True
Is 8065866647 prime?
False
Is 27924389947 prime?
True
Is 54361576369 a prime number?
True
Is 38036898569 prime?
True
Is 410538127 a prime number?
True
Is 271377833 a prime number?
False
Is 68763235427 a composite number?
False
Is 15844132567 a prime number?
False
Is 928508257 prime?
False
Is 215073767 a composite number?
True
Is 5702367017 composite?
True
Is 10311936659 a prime number?
True
Is 6953619757 composite?
True
Is 4563863903 prime?
True
Is 30126171281 prime?
False
Is 364846109 a prime number?
False
Is 25713848463 a prime number?
False
Is 205311749 a composite number?
False
Is 86998252789 a composite number?
True
Is 9982401197 a prime number?
True
Is 2895899437 a composite number?
False
Is 6083205377 prime?
True
Is 206270908301 prime?
True
Is 14032237721 a composite number?
True
Is 1028595487 a prime number?
True
Is 3188791051 a prime number?
True
Is 591024683 composite?
True
Is 280492361 a composite number?
False
Is 3308821099 a prime number?
True
Is 26228223797 a prime number?
True
Is 244094057 prime?
True
Is 104471252999 a prime number?
False
Is 1508500663 a prime number?
False
Is 7212261869 a prime number?
False
Is 1771075193 a composite number?
False
Is 490210871 a composite number?
True
Is 339934405 prime?
False
Is 82153471 a prime number?
False
Is 750730159 composite?
False
Is 90343303459 composite?
False
Is 13639996385 prime?
False
Is 57426754169 prime?
False
Is 8849674153 composite?
False
Is 8994187451 composite?
False
Is 1938173513 a prime number?
False
Is 1714632167 composite?
True
Is 849298579 prime?
False
Is 147424696411 a prime number?
False
Is 2640028499 composite?
True
Is 9298753507 composite?
True
Is 2830024831 a prime number?
True
Is 70990733173 a prime number?
True
Is 9851594267 prime?
False
Is 4542825541 a prime number?
False
Is 1162488181 a composite number?
True
Is 4217291933 a composite number?
True
Is 8615403211 composite?
False
Is 5253390697 a prime number?
True
Is 2627303219 a composite number?
False
Is 1314111107 a composite number?
False
Is 1683937657 a composite number?
False
Is 346105871 composite?
True
Is 217589507 prime?
False
Is 1083807457 a composite number?
False
Is 191689633877 prime?
False
Is 108177511399 prime?
False
Is 6779706769 a prime number?
False
Is 16394231933 prime?
True
Is 64430012897 prime?
True
Is 2088816823 a prime number?
True
Is 2111163319 a prime number?
False
Is 172178683 prime?
False
Is 1449019919 a prime number?
True
Is 1715896019 a composite number?
False
Is 41270003 a composite number?
False
Is 62300043955 a composite number?
True
Is 1231243109 prime?
False
Is 79428313 prime?
False
Is 5220309649 a composite number?
False
Is 270275981 a prime number?
True
Is 10349600117 a composite number?
False
Is 41288437213 a prime number?
False
Is 5397813977 a prime number?
False
Is 276405462611 composite?
False
Is 1523650162 a prime number?
False
Is 35655533747 a composite number?
False
Is 17926355879 prime?
False
Is 5570223667 a composite number?
False
Is 1569508963 a composite number?
True
Is 22418625523 composite?
True
Is 10678281169 prime?
False
Is 433708043 prime?
False
Is 23351131247 a composite number?
False
Is 17773085851 a composite number?
False
Is 10371086729 prime?
False
Is 2279775853 prime?
True
Is 43825011757 prime?
True
Is 61089719 a prime number?
False
Is 335536433 a prime number?
True
Is 250377499 a prime number?
True
Is 989627039 prime?
False
Is 5582931413 prime?
False
Is 67840424759 a prime number?
False
Is 1265114845 composite?
True
Is 931589933 composite?
False
Is 13330508689 composite?
False
Is 15305801597 a composite number?
False
Is 6398747731 a composite number?
False
Is 232724663 prime?
True
Is 187868999 a composite number?
False
Is 59435461 a prime number?
True
Is 14664225047 a composite number?
True
Is 206789588405 a prime number?
False
Is 262037621 prime?
False
Is 343755670103 a prime number?
True
Is 18051922519 a prime number?
True
Is 40043726663 a prime number?
False
Is 15318401323 a prime number?
True
Is 8441907611 prime?
False
Is 15357002393 prime?
True
Is 20469